 What is the remainder when j is divided by 9?
6
Let i = -26 - -33. Let v(j) = j**2 + 7*j - 1. Let y be v(-8). Suppose 2*l - 10 = -h + y, -5*l - i = -2*h. What is the remainder when 74 is divided by h?
8
Let p(m) = m**3 + 7*m**2 - 9*m - 6. Suppose -29 = -3*d + h, -22*h + 24*h = 3*d - 22. What is the remainder when d is divided by p(-8)?
0
Let g = -86 + 144. What is the remainder when 1/((-13)/105196*-28) is divided by g?
57
Let l(m) = -m + 20. Calculate the remainder when (-2622)/(-5681) + 735/13 is divided by l(0).
17
Let r = 5667 - -1993. What is the remainder when r is divided by 219?
214
Let h = -33425 + 33504. Let g = 12 - 2. Calculate the remainder when h is divided by g.
9
Suppose 5*f = -14 + 94. Suppose -f*j = -15*j + 14. Let y = j - -43. What is the remainder when 112 is divided by y?
25
Let n(a) = -1129*a + 29391. Suppose -900 = 4*y + 104. Let d = y - -358. Calculate the remainder when d is divided by n(26).
33
Let i(a) = a**3 + 2*a**2 - a + 1. Let m(v) = 34*v + 2. Let b be m(-3). Let d = -46 - b. What is the remainder when d is divided by i(2)?
9
Suppose 2*b + 0*z - 36 = z, -76 = -5*b - z. Suppose 882*s - 217*s - 9744 = 10871. Calculate the remainder when s is divided by b.
15
Suppose 207*u + 62*u - 11628 = -23*u - 320*u. Suppose 2*j - 131 = 4*w - 41, 2*j - 126 = -5*w. What is the remainder when j is divided by u?
15
Let p(a) = 3 - 668*a**2 - 13*a + a**3 - 3*a**3 + 674*a**2. Let j be p(3). Let h = 0 - j. Calculate the remainder when h is divided by 25.
11
Suppose -2*p + m = -35, 0 = -5*m - 6 - 9. Let g = 810 + -428. Let f = 442 - g. What is the remainder when f is divided by p?
12
Calculate the remainder when 240 is divided by (-30)/20 + ((-876)/(-8))/3.
30
Suppose -2*w = 4*r - 90 - 178, 2*w + 5*r = 264. Let f(x) = 7*x + 3. Calculate the remainder when w is divided by f(3).
22
Let y = -20801 + 20911. What is the remainder when 10887 is divided by y?
107
Let o(j) = 23*j**2 + j + 1. Let z(s) = -90*s + 3*s + 2*s**2 + 3*s + 7*s**2 + 6*s**2 - 11. Calculate the remainder when z(7) is divided by o(-1).
21
Suppose 158*w - 98*w - 6780 = 0. What is the remainder when 11298 is divided by w?
111
Suppose 2*c - w = -0*w - 68, 0 = -w + 2. Let n = c - -86. Suppose 14 = 2*o + 2*s, 0 = 2*o + 2*s + 2*s - 6. Calculate the remainder when n is divided by o.
9
Let m be 8*(-5)/10 - -6. Suppose 6 - 2 = m*d. Suppose d*c + 3*f - 55 = 0, -4*c + c = f - 72. What is the remainder when 111 is divided by c?
19
Let y = 46 + 0. Suppose 998 = -103*x + 3985. Calculate the remainder when y is divided by x.
17
Let c be 275/220 - (-1558)/8. Suppose -c*y + 92 = -195*y. Calculate the remainder when y is divided by 12.
8
Suppose -6*v + 48 = v + 2*w, -5*w = -15. What is the remainder when (-1)/((-1)/(129 - -2)) is divided by (14 + -8)*22/v?
21
Suppose 0 = -3*l + 6, 19*k - 14*k + 155 = -5*l. What is the remainder when 177 is divided by (k - -23)/(2 + 7/(-3))?
27
Suppose 4*u + 5*b + 185 = 4*b, 2*u + 4*b = -96. Let r = 85 + u. Calculate the remainder when r is divided by (12 + -13)/(2/(-18)) - 1.
7
Suppose -2*d = -127 + 29. Let a(x) = x**2 + 22*x + 16. Let j be a(-21). What is the remainder when d is divided by (0 + -4)*(j/(-10) - 7)?
23
Let g = 17686 + -16781. What is the remainder when g is divided by 52?
21
Suppose -44*y = -52*y - 1520. Let l = y + 209. Calculate the remainder when 29 is divided by l.
10
Suppose -4734 + 1332 = -18*q. Let t = -175 + q. What is the remainder when 39 is divided by t?
11
What is the remainder when 1260 is divided by (-2576)/(-56)*1*(-6 - -4)/(-2)?
18
Calculate the remainder when 212 is divided by 0 - 3/18*4 - 17252/(-228).
62
What is the remainder when (-1680)/980*826/(-8) is divided by 18?
15
Let b = -96 - -100. Suppose 3*f + 0*x - 32 = b*x, 4*x = -3*f - 8. Suppose -117 - 55 = -f*t. Calculate the remainder when 170 is divided by t.
41
Suppose 5*d + f = 87, -d = -5*f - 27 - 6. Let o = -14 + d. Suppose -o*b = 4*w - 952, 5*w = b - 5*b + 957. What is the remainder when b is divided by 59?
56
Calculate the remainder when 4/(-1 + (-6 - (-21255)/3035)) is divided by 328.
230
Let k(p) = 5 + 0 - 2 - p - 9*p**2 - 5. Let l be k(2). Let h = 42 + l. Calculate the remainder when 6 is divided by h.
0
Suppose 2*h - 290 = 4*s, 693*h - 5*s + 110 = 694*h. Calculate the remainder when 415 is divided by h.
10
Let s be 2/(-3*(-7)/(-42)). Suppose -5*f - 4*i + 39 = 0, 2*f - 1 = 3*f + 3*i. What is the remainder when ((-152)/(-24) - s)*3*1 is divided by f?
9
Let c be ((-665)/(-10))/7 + (-4)/8. Suppose -g + j + 2 = -c, g - 3*j = 13. Calculate the remainder when 27 is divided by g.
7
Suppose r + 2*r + 445 = g, -r - 125 = -5*g. Let d = r - -155. What is the remainder when 47 is divided by d?
2
Let n(y) = -y**3 - y**2 - 2*y + 95. Let k be n(0). Let m = -92 + k. Suppose 14 = t - 2*v, t + m*v + 0 + 6 = 0. What is the remainder when 12 is divided by t?
0
Let s(u) = -92*u + 728. Let d be s(7). Let g(x) = x**3 - 4*x**2 - 8*x + 7. Let y be g(5). Let w = d + y. What is the remainder when w is divided by 11?
10
Let o(f) be the second derivative of -23*f**3/3 - 45*f**2/2 + 198*f. What is the remainder when o(-2) is divided by 8?
7
Let m be 4 - (-1)/((-5)/735). Let k = m + 174. Calculate the remainder when 91 is divided by k.
29
Let h(b) = b**2 + 6*b - 125. What is the remainder when 3908 is divided by h(-15)?
8
Suppose 0 = 7*n + 26 - 180. Let a = -13 - -16. Suppose a = 3*f - 24. What is the remainder when n is divided by f?
4
Suppose 2*u - k - 4*k + 16 = 0, -5*u + k = 17. What is the remainder when 50 is divided by 1 + -4 + (u - -36) + -3?
23
Let p(a) = 33*a**2 + 8*a + 1. Let c(z) = -17*z**2 - 3*z. Let h(j) = -9*c(j) - 4*p(j). What is the remainder when h(-3) is divided by 63?
11
Calculate the remainder when (51/((-1071)/(-60816)))/((-2)/(-4)) is divided by 1926.
14
Let z(u) = -3*u**3 + 46*u**2 - 55*u + 25. Calculate the remainder when z(13) is divided by 55.
53
Suppose -3*q - u + 229 = 0, -5*u + 426 - 41 = 5*q. Suppose 12*i = 16*i - q. What is the remainder when i is divided by 13?
6
Suppose 0 = l + n - 34, -21*n = -3*l - 23*n + 101. Calculate the remainder when 124 is divided by l.
25
Suppose -4*j + 1708 + 1252 = 0. Suppose 8299*z - 1326 = 8296*z. Let v = j - z. Calculate the remainder when v is divided by 50.
48
Suppose -2*m + 402 = 4*s, 4*m + s + s = 804. Let f = -141 + m. What is the remainder when f is divided by 22?
16
What is the remainder when 10/(-45) + 1082*(-3)/(-27) is divided by ((-35)/(-4))/(((-104)/(-32))/13)?
15
Let o(l) = l**3 + 242*l**2 + 954*l + 487. Calculate the remainder when ((-4)/10)/((-1)/205) is divided by o(-238).
5
Let l = 73 - 46. Suppose 0 = -l*y + 25 + 83. What is the remainder when 6 is divided by y?
2
Let o be 4/8 - 243/(-6). Let q = o + -34. Let m(d) = -d + 1. What is the remainder when m(-9) is divided by q?
3
Let v = 370 + -366. What is the remainder when 1 - (-2 + 1) - -13 is divided by v?
3
Let l(d) = d + 39. Suppose -26682*u + 2*i - 647 = -26687*u, 4*u + 5*i - 555 = 0. What is the remainder when u is divided by l(0)?
8
Let z be 43 - (-28)/36*-9. Suppose 2*u = -4 + 18. What is the remainder when 86 is divided by 45 + (-8)/z + u/(-9)?
42
Let h = 62 + -59. Suppose -144 = -2*y + h*o, -117 - 175 = -4*y + 4*o. Calculate the remainder when y is divided by 37/2*2 + 2.
36
Suppose 0 = -1872*m + 1829*m + 200681. Calculate the remainder when m is divided by 23.
21
Let z be (-5818)/(-34) + 10/(-85). Suppose -2*x - y = -7*x + 179, -5*x = y - z. Calculate the remainder when 65 is divided by x.
30
Suppose -20070 + 19916 = -7*r. Let h(b) = b**2 - 6*b + 2. Let y be h(7). Suppose -56 = -5*m + y. What is the remainder when r is divided by m?
9
Let g be (-2)/6 + (-33)/9. Let t = 233 - 416. Calculate the remainder when t/g - (2 + (-36)/16) is divided by 12.
10
Suppose 2215 = 25*i + 1265. Suppose 0 = f + 4*f - 315. Calculate the remainder when f is divided by i.
25
Let o = -14456 - -14470. What is the remainder when 26879 is divided by o?
13
Let d = -6821 + 9610. What is the remainder when d is divided by 1387?
15
Let q = -1 - 2. Let f(a) = -5*a + 4. Let s = 2890 + -2880. Calculate the remainder when f(q) is divided by s.
9
Suppose -2092*g + 2088*g + 907 = z, -5*g + 4*z = -1181. Calculate the remainder when g is divided by 23.
22
Suppose -20*q = -327*q - 12*q +